 to base 12.
-22a
Convert 2e7a (base 16) to base 6.
131030
-110a9 (base 11) to base 10
-16091
Convert 21255 (base 6) to base 13.
1433
1fbd (base 16) to base 14
2d65
1124 (base 10) to base 6
5112
379c (base 14) to base 5
302432
-221415 (base 7) to base 11
-27305
-ab (base 16) to base 2
-10101011
What is 9814 (base 10) in base 13?
460c
Convert 18598 (base 10) to base 13.
8608
Convert 2 (base 12) to base 15.
2
-60362 (base 8) to base 14
-908a
-1168 (base 10) to base 12
-814
What is 114323 (base 5) in base 14?
181c
What is -5a3 (base 12) in base 9?
-1136
Convert 435a (base 13) to base 6.
111214
What is 1111011110 (base 2) in base 10?
990
733 (base 11) to base 13
52c
What is -104143 (base 6) in base 10?
-8703
Convert -45a5 (base 12) to base 11.
-5912
Convert 11122121 (base 3) to base 8.
6477
760a (base 12) to base 13
5b99
303 (base 16) to base 4
30003
What is 14330 (base 5) in base 12?
853
3106 (base 7) to base 15
4c4
Convert 210533 (base 7) to base 14.
d31a
What is -13c71 (base 13) in base 15?
-b09c
-24718 (base 9) to base 12
-9752
What is -30620 (base 7) in base 9?
-11265
564 (base 13) to base 10
927
What is 1110100110 (base 2) in base 12?
65a
-a353 (base 13) to base 2
-101100000010001
What is 11101 (base 6) in base 15?
6d4
What is 39b2 (base 13) in base 11?
6227
Convert -310 (base 4) to base 2.
-110100
Convert 10361 (base 13) to base 7.
150656
-221300 (base 5) to base 16
-1e14
What is 352604 (base 7) in base 8?
173662
-1113314 (base 6) to base 9
-85441
Convert c18 (base 14) to base 12.
145a
Convert -2653 (base 8) to base 9.
-1882
2be (base 16) to base 11
589
What is -31830 (base 10) in base 8?
-76126
144 (base 8) to base 16
64
346 (base 8) to base 4
3212
Convert -12020121 (base 3) to base 13.
-1981
What is 1415 (base 10) in base 5?
21130
-133311 (base 6) to base 11
-9378
-1001110100001 (base 2) to base 8
-11641
-46236 (base 7) to base 12
-69a3
What is -121101 (base 3) in base 5?
-3232
-4d (base 14) to base 11
-63
Convert 217 (base 11) to base 5.
2020
Convert 1101002202 (base 3) to base 13.
c407
Convert -27c0 (base 13) to base 11.
-4342
What is 13405 (base 7) in base 16?
e2f
What is -8359 (base 10) in base 7?
-33241
What is -1010001111 (base 2) in base 3?
-220021
13421 (base 5) to base 2
10001010111
What is 6a98 (base 11) in base 9?
13676
Convert 64205 (base 8) to base 10.
26757
-61151 (base 7) to base 3
-202100102
-11341 (base 5) to base 3
-1011100
Convert -24004 (base 10) to base 15.
-71a4
Convert 10000001111101001 (base 2) to base 5.
4112122
What is -64a (base 15) in base 9?
-1847
Convert -1101111101 (base 2) to base 12.
-625
What is -1a9 (base 11) in base 13?
-156
10526 (base 14) to base 13
14c41
Convert -c4 (base 15) to base 6.
-504
Convert 415103 (base 6) to base 15.
9de9
4603 (base 11) to base 13
29a8
Convert 16305 (base 11) to base 2.
101100111010011
What is -614 (base 15) in base 3?
-1212201
-10573 (base 8) to base 5
-120400
Convert -33295 (base 11) to base 9.
-73174
Convert 1c (base 15) to base 3.
1000
Convert -1045 (base 6) to base 10.
-245
Convert 10110110110 (base 3) to base 11.
4720a
Convert -322011 (base 4) to base 8.
-7205
33 (base 8) to base 5
102
Convert 1021122201 (base 3) to base 11.
17a88
Convert 640 (base 8) to base 12.
2a8
Convert 100000000111001 (base 2) to base 4.
10000321
-1d8 (base 16) to base 5
-3342
What is -3240 (base 5) in base 16?
-1bd
What is -10120112102 (base 3) in base 10?
-70373
Convert -7308 (base 12) to base 15.
-3aab
What is 1aa (base 13) in base 9?
373
Convert 1c8 (base 13) to base 14.
19b
Convert -51344 (base 9) to base 6.
-420321
What is 3bd2 (base 14) in base 16?
294c
What is e1e (base 15) in base 4?
301223
Convert 243321 (base 6) to base 7.
116461
-984 (base 13) to base 9
-2210
What is -26 (base 16) in base 7?
-53
-57741 (base 9) to base 11
-26a31
Convert 43324 (base 5) to base 9.
4053
7eb1 (base 16) to base 7
163362
-257ba (base 12) to base 13
-1a443
Convert 24535 (base 11) to base 9.
53315
What is -202265 (base 7) in base 3?
-1202020202
What is -4076 (base 8) in base 13?
-c64
7b86 (base 15) to base 12
13216
Convert 47662 (base 10) to base 9.
72337
What is -1791 (base 10) in base 3?
-2110100
Convert -5bb (base 14) to base 13.
-6a1
126 (base 9) to base 2
1101001
-210122 (base 3) to base 16
-248
Convert 1000120111 (base 3) to base 5.
1120401
What is 10013 (base 4) in base 9?
322
What is -1354 (base 9) in base 4?
-33331
What is -111222002 (base 3) in base 6?
-115045
Convert 341101 (base 5) to base 16.
2efa
Convert -ed36 (base 15) to base 16.
-c432
f2 (base 16) to base 15
112
What is -2546 (base 8) in base 13?
-824
What is -d2 (base 16) in base 13?
-132
-1141 (base 16) to base 14
-1877
Convert 3005 (base 6) to base 9.
805
-3244 (base 16) to base 12
-7544
Convert 6263 (base 9) to base 3.
20022010
Convert 1721 (base 12) to base 14.
1013
-286 (base 16) to base 2
-1010000110
1000101110 (base 2) to base 9
680
33142 (base 5) to base 2
100011111001
-11000001000 (base 2) to base 12
-a88
Convert -220012 (base 5) to base 10.
-7507
4710 (base 16) to base 15
55cc
What is 1000101100111 (base 2) in base 9?
6100
9797 (base 12) to base 6
205111
What is 10888 (base 10) in base 7?
43513
Convert 26 (base 8) to base 11.
20
-3b0 (base 12) to base 11
-473
-10043 (base 5) to base 9
-800
What is -10011111100 (base 2) in base 12?
-8a4
Convert -21100 (base 3) to base 10.
-198
What is 10010001011 (base 2) in base 11?
968
Convert 141 (base 16) to base 5.
2241
-1534 (base 6) to base 11
-350
Convert 37d5 (base 14) to base 13.
45c2
What is 70 (base 11) in base 10?
77
1230 (base 9) to base 5
12133
What is -2d7 (base 16) in base 3?
-222221
-11100010101000 (base 2) to base 12
-8488
What is 133411 (base 6) in base 11?
9400
Convert 820 (base 11) to base 4.
33132
What is 1102122 (base 3) in base 9?
1378
Convert -164aa (base 14) to base 4.
-31220012
Convert 1563 (base 7) to base 11.
526
What is 124eb (base 15) in base 14?
17464
18894 (base 11) to base 14
986c
Convert -1353 (base 14) to base 9.
-4603
Convert -1058 (base 12) to base 15.
-7eb
What is 4232 (base 5) in base 9?
700
What is -1e6 (base 15) in base 2?
-110111001
What is 2b8 (base 12) in base 16?
1ac
What is -264 (base 8) in base 6?
-500
7b6 (base 14) to base 3
2002202
-1ba7 (base 16) to base 2
-1101110100111
What is -12252 (base 7) in base 2?
-110010010110
What is 14 (base 16) in base 11?
19
Convert 53 (base 10) to base 2.
110101
80 (base 13) to base 14
76
Convert 16355 (base 10) to base 2.
11111111100011
10c4 (base 14) to base 12
1830
What is -102011 (base 4) in base 10?
-1157
-359c (base 14) to base 3
-110211022
Convert -4221 (base 6) to base 4.
-32311
Convert 1234 (base 12) to base 9.
2734
Convert -ca88 (base 16) to base 10.
-51848
Convert -4547 (base 9) to base 14.
-1324
-2833 (base 9) to base 2
-100001011000
314102 (base 5) to base 11
7a00
Convert 110012 (base 4) to base 3.
1202122
Convert -36c0 (base 13) to base 11.
-5916
What is 98 (base 16) in base 13?
b9
-427 (base 10) to base 8
-653
1000 (base 2) to base 4
20
Convert 131447 (base 8) to base 3.
2022220122
-7060 (base 9) to base 13
-2469
d2e (base 15) to base 5
43334
-421030 (base 6) to base 5
-2041210
12130 (base 4) to base 8
634
What is 3040120 (base 5) in base 13?
1964a
Convert -1261 (base 10) to base 3.
-1201201
Convert 6198 (base 12) to base 3.
112120122
What is 1102 (base 4) in base 16?
52
What is 34 (base 10) in base 15?
24
What is 296 (base 13) in base 7?
1226
8ca (base 16) to base 9
3070
Convert -43634 (base 7) to base 8.
-25310
Convert 1908 (base 12) to base 8.
5730
Convert 220110121 (base 3) to base 13.
8170
What is -487 (base 11) in base 15?
-289
-2531 (base 6) to base 16
-277
What is 1888 (base 13) in base 4?
321031
What is -113 (base 13) in base 10?
-185
Convert 825 (base 10) to base 11.
690
-9615 (base 11) to base 7
-52042
Convert -3514 (base 10) to base 15.
-1094
Convert -2bd (base 16) to base 15.
-31b
-8955 (base 11) to base 12
-69b1
What is -2511 (base 11) in base 15?
-e89
What is -10233 (base 4) in base 11?
-256
10101001111 (base 2) to base 14
6d1
1100110111100 (base 2) to base 3
100001000
1ee (base 16) to base 15
22e
What is 262 (base 10) in base 12?
19a
Convert 222011 (base 3) to base 16.
2c2
What is 1203 (base 7) in base 14?
23a
Convert 32e (base 15) to base 6.
3155
What is 461d (base 14) in base 3?
